se
Is 8020158 a multiple of 10?
False
Is 121806187 a multiple of 71?
False
Does 4 divide 50281793?
False
Does 34 divide 30630124?
True
Is 424861405 a multiple of 146?
False
Is 27 a factor of 38511009?
False
Does 4534 divide 1172882324?
True
Does 33 divide 6468600?
False
Is 29 a factor of 8330395?
True
Is 11353865 a multiple of 150?
False
Is 4105671 even?
False
Is 29 a factor of 281062287?
True
Does 648 divide 5040144?
True
Does 20 divide 309912972?
False
Is 171 a factor of 81295452?
True
Is 26713280 a multiple of 27?
False
Is 22820217 a multiple of 321?
False
Does 33 divide 26447764?
False
Does 137 divide 1425793798?
True
Does 14 divide 2381174077?
False
Does 472 divide 718920821?
False
Is 205249598 a multiple of 24?
False
Is 74 a factor of 129216831?
False
Is 75 a factor of 8677290?
False
Is 543993832 a multiple of 37?
True
Does 14 divide 1677961430?
False
Is 6 a factor of 749416594?
False
Is 91117944 a multiple of 72?
True
Is 92286852 a multiple of 28?
True
Does 529 divide 197436554?
True
Does 3629 divide 103091402?
False
Does 32 divide 18867072?
True
Is 10 a factor of 2461759790?
True
Is 41098771 a multiple of 203?
True
Is 1340 a factor of 19801810?
False
Is 10207305 a multiple of 524?
False
Is 26 a factor of 2189512?
True
Does 7234 divide 789139069?
False
Does 9 divide 357787398?
False
Does 29 divide 245307506?
False
Does 124 divide 23559696?
False
Does 2545 divide 94419500?
True
Does 84 divide 73709012?
False
Does 59 divide 1065236563?
True
Is 483 a factor of 39684246?
True
Is 5 a factor of 53149795?
True
Is 289238994 a multiple of 213?
False
Is 169 a factor of 997143717?
False
Is 1036422222 a multiple of 1492?
False
Is 128894356 a multiple of 3774?
False
Does 4 divide 205768020?
True
Is 426 a factor of 11474180?
False
Is 173624375 a multiple of 25?
True
Is 13 a factor of 279262?
False
Is 444 a factor of 10709280?
True
Is 3025380194 a multiple of 40?
False
Is 1536603275 a multiple of 965?
True
Is 8270 a factor of 3150357260?
True
Does 693 divide 313707933?
True
Is 22074676 a multiple of 439?
True
Does 29 divide 162884?
False
Does 2893 divide 52068214?
True
Is 2321794530 a multiple of 243?
True
Is 9 a factor of 281390620?
False
Does 353 divide 167062545?
True
Does 40 divide 396019560?
True
Does 388 divide 4571842?
False
Is 2236049 a multiple of 6?
False
Is 534851667 a multiple of 7?
True
Is 3971437797 a multiple of 31?
False
Is 3032932873 a multiple of 4419?
False
Is 544842375 a multiple of 8?
False
Is 481124727 a multiple of 111?
True
Is 1406 a factor of 800716646?
False
Does 160 divide 6787200?
True
Is 36840088 a multiple of 48?
False
Is 5 a factor of 971347?
False
Is 2636 a factor of 46317156?
True
Is 53 a factor of 103600796?
True
Is 9371832 a multiple of 4?
True
Is 50 a factor of 58608576?
False
Is 86 a factor of 11371694?
True
Does 6982 divide 1492497676?
False
Is 40 a factor of 71606880?
True
Does 11829 divide 3315988083?
True
Is 312559233 a multiple of 16?
False
Is 40029735 a multiple of 205?
True
Does 456 divide 142017552?
True
Does 3475 divide 4932138209?
False
Is 1316165314 a multiple of 951?
False
Does 122 divide 26968011?
False
Is 219 a factor of 15604723?
False
Is 46 a factor of 29438697?
False
Is 4 a factor of 135317235?
False
Is 198 a factor of 324904934?
False
Is 409792014 a multiple of 37?
False
Does 8 divide 612828801?
False
Does 4 divide 213582871?
False
Is 48 a factor of 82940784?
True
Is 14 a factor of 156048578?
True
Is 1719960 a multiple of 3?
True
Is 50575693 a multiple of 120?
False
Is 152 a factor of 6020686?
False
Does 18 divide 52833574?
False
Does 154 divide 327065970?
True
Is 64437378 a multiple of 102?
True
Is 7 a factor of 695452?
False
Is 7337858 a multiple of 218?
False
Is 1493 a factor of 6524410?
True
Is 26 a factor of 738867636?
True
Does 147 divide 5212791990?
True
Is 431441682 a multiple of 2?
True
Does 6 divide 14324454?
True
Is 3638 a factor of 497738570?
False
Is 24 a factor of 1543838369?
False
Is 524383692 a multiple of 84?
True
Is 36 a factor of 4243536?
True
Is 131 a factor of 46461508?
True
Does 1830 divide 105492180?
True
Does 506 divide 10304184?
True
Does 736 divide 1184020864?
True
Is 255607498 a multiple of 45?
False
Is 66 a factor of 79860396?
True
Is 2993101 a multiple of 43?
True
Is 196298662 a multiple of 6?
False
Is 4 a factor of 54009944?
True
Does 4692 divide 527743574?
False
Is 148 a factor of 22859126?
False
Is 148065120 a multiple of 70?
True
Is 186 a factor of 2032659?
False
Is 36241018 a multiple of 19?
True
Does 12 divide 17855641?
False
Is 122 a factor of 91408883?
False
Is 5348 a factor of 1609694520?
True
Is 180 a factor of 167306400?
True
Is 615 a factor of 126872330?
False
Is 1984 a factor of 113361792?
True
Is 143558739 a multiple of 97?
True
Is 2661695185 a multiple of 31?
True
Does 65 divide 1329370120?
True
Is 1437 a factor of 4733575094?
False
Is 642 a factor of 1629713875?
False
Is 40749632 a multiple of 32?
True
Is 34299066 a multiple of 6?
True
Does 32 divide 72530752?
True
Is 22 a factor of 6557426?
False
Is 958677840 a multiple of 120?
True
Does 1745 divide 37388370?
True
Does 34 divide 1208842326?
False
Is 121118653 a multiple of 202?
False
Is 5 a factor of 4985893?
False
Is 32 a factor of 603389719?
False
Is 30072527 a multiple of 319?
False
Is 33495594 a multiple of 209?
True
Is 1041 a factor of 50122068?
True
Is 802 a factor of 25741598?
False
Is 3817 a factor of 73248784?
False
Is 14 a factor of 39260082?
False
Is 37547699 a multiple of 475?
False
Is 39 a factor of 691096692?
True
Is 68642281 a multiple of 129?
False
Is 34592604 a multiple of 645?
False
Is 2138 a factor of 183166736?
True
Is 512731380 a multiple of 39?
False
Is 276 a factor of 27379540?
False
Does 297 divide 254562636?
False
Does 24 divide 2977056?
True
Does 33 divide 33184404?
True
Is 149216789 a multiple of 49?
False
Does 83 divide 11410392?
False
Is 813551002 a multiple of 14?
False
Is 447744679 a multiple of 36?
False
Is 1581 a factor of 4387521602?
False
Is 1433503664 a multiple of 632?
True
Is 38862068 a multiple of 646?
True
Is 9347907 a multiple of 25?
False
Is 11404229 a multiple of 3?
False
Does 6 divide 34812713?
False
Is 487 a factor of 580478189?
True
Does 3839 divide 489499373?
True
Is 168607604 a multiple of 22?
True
Is 55106755 a multiple of 80?
False
Is 1463580043 a multiple of 56?
False
Does 290 divide 2160093420?
True
Is 295 a factor of 6157535?
True
Does 124 divide 43569384?
True
Is 115 a factor of 218380285?
True
Is 524486418 a multiple of 366?
True
Is 52 a factor of 12708092?
False
Is 396 a factor of 654021720?
True
Is 25619608 a multiple of 1138?
False
Is 1048182509 a multiple of 429?
False
Does 80 divide 234167995?
False
Is 120 a factor of 30253497?
False
Does 188 divide 76216140?
True
Is 14122217 even?
False
Is 5174 a factor of 590530967?
False
Does 47 divide 1142428171?
False
Is 731 a factor of 598230663?
True
Is 18643186 a multiple of 73?
False
Does 15 divide 1334849827?
False
Is 155 a factor of 158399?
False
Is 192256320 a multiple of 96?
True
Does 10 divide 72200160?
True
Is 48181575 a multiple of 75?
True
Is 2226131180 a multiple of 8719?
False
Does 646 divide 543668?
False
Does 161 divide 26626097?
False
Is 119264343 a multiple of 1483?
True
Is 112274225 a multiple of 725?
True
Does 4 divide 917670?
False
Does 13 divide 25727884?
True
Is 188853984 a multiple of 992?
True
Is 876454 a multiple of 9?
False
Is 38 a factor of 4150061054?
True
Is 7 a factor of 216395669?
True
Is 159954080 a multiple of 572?
True
Is 158 a factor of 998252690?
True
Is 66428337 a multiple of 566?
False
Is 265886305 a multiple of 239?
True
Is 320 a factor of 45716225?
False
Is 38 a factor of 394675410?
True
Is 3265033 a multiple of 9?
False
Is 132 a factor of 20441237?
False
Is 414 a factor of 271579088?
False
Does 8 divide 5969059?
False
Does 84 divide 77468916?
True
Does 46 divide 30122308?
False
Does 199 divide 728659793?
True
Is 4617448 a multiple of 18?
False
Is 17 a factor of 492156358?
True
Is 368 a factor of 3048164321?
False
Is 643793705 a multiple of 22?
False
Does 30 divide 272514199?
False
Is 12776145 a multiple of 15?
True
Is 43 a factor of 214159160?
False
Is 3155043 a multiple of 2?
False
Does 32 divide 93090432?
True
Is 674417655 a multiple of 271?
False
Does 532 